en 980 is divided by 956?
24
Calculate the remainder when 842 is divided by 212.
206
Calculate the remainder when 30395 is divided by 10.
5
What is the remainder when 2843 is divided by 938?
29
Calculate the remainder when 2727 is divided by 67.
47
What is the remainder when 24301 is divided by 28?
25
Calculate the remainder when 5334 is divided by 162.
150
Calculate the remainder when 8186 is divided by 14.
10
Calculate the remainder when 6357 is divided by 710.
677
What is the remainder when 26570 is divided by 14?
12
What is the remainder when 137695 is divided by 54?
49
What is the remainder when 11545 is divided by 127?
115
What is the remainder when 85721 is divided by 78?
77
What is the remainder when 100899 is divided by 989?
21
What is the remainder when 46280 is divided by 586?
572
Calculate the remainder when 156 is divided by 40.
36
What is the remainder when 23978 is divided by 571?
567
What is the remainder when 2358 is divided by 2340?
18
What is the remainder when 50458 is divided by 79?
56
What is the remainder when 11175 is divided by 89?
50
What is the remainder when 699932 is divided by 276?
272
What is the remainder when 2553597 is divided by 1400?
1397
Calculate the remainder when 76179 is divided by 214.
209
Calculate the remainder when 10173 is divided by 28.
9
Calculate the remainder when 668 is divided by 295.
78
What is the remainder when 2317 is divided by 282?
61
What is the remainder when 8183 is divided by 19?
13
What is the remainder when 22355 is divided by 43?
38
Calculate the remainder when 3988 is divided by 330.
28
What is the remainder when 48978 is divided by 12?
6
What is the remainder when 8040 is divided by 96?
72
Calculate the remainder when 1131 is divided by 271.
47
Calculate the remainder when 325104 is divided by 162544.
16
Calculate the remainder when 102052 is divided by 213.
25
Calculate the remainder when 23765 is divided by 99.
5
What is the remainder when 25187 is divided by 57?
50
Calculate the remainder when 178412 is divided by 892.
12
What is the remainder when 2094 is divided by 58?
6
Calculate the remainder when 181020 is divided by 4525.
20
What is the remainder when 14443 is divided by 79?
65
What is the remainder when 71752 is divided by 1035?
337
What is the remainder when 1131 is divided by 251?
127
What is the remainder when 563681 is divided by 140918?
9
Calculate the remainder when 274780 is divided by 41.
39
Calculate the remainder when 43678 is divided by 52.
50
What is the remainder when 19946 is divided by 3984?
26
What is the remainder when 117581 is divided by 9784?
173
Calculate the remainder when 11729 is divided by 353.
80
Calculate the remainder when 10474 is divided by 27.
25
Calculate the remainder when 27804 is divided by 1067.
62
What is the remainder when 16979 is divided by 8481?
17
Calculate the remainder when 511 is divided by 24.
7
Calculate the remainder when 34626 is divided by 488.
466
Calculate the remainder when 22631 is divided by 68.
55
Calculate the remainder when 1033451 is divided by 28.
27
What is the remainder when 24854 is divided by 25?
4
Calculate the remainder when 53980 is divided by 132.
124
Calculate the remainder when 26280 is divided by 2387.
23
What is the remainder when 5124 is divided by 752?
612
What is the remainder when 41552 is divided by 1730?
32
Calculate the remainder when 2353870 is divided by 348.
346
What is the remainder when 4961 is divided by 226?
215
Calculate the remainder when 51183 is divided by 353.
351
Calculate the remainder when 459920 is divided by 153305.
5
Calculate the remainder when 19913 is divided by 13.
10
Calculate the remainder when 1402 is divided by 107.
11
Calculate the remainder when 6596 is divided by 2197.
5
Calculate the remainder when 41467 is divided by 964.
15
Calculate the remainder when 1164 is divided by 11.
9
What is the remainder when 3942858 is divided by 323?
320
What is the remainder when 37849 is divided by 9?
4
What is the remainder when 90468 is divided by 922?
112
Calculate the remainder when 90699 is divided by 1178.
1171
What is the remainder when 1289 is divided by 961?
328
What is the remainder when 105392 is divided by 197?
194
Calculate the remainder when 16622 is divided by 16.
14
Calculate the remainder when 670 is divided by 327.
16
Calculate the remainder when 188011 is divided by 21.
19
What is the remainder when 8676 is divided by 241?
0
Calculate the remainder when 58828 is divided by 19604.
16
What is the remainder when 2076 is divided by 691?
3
Calculate the remainder when 31138 is divided by 10366.
40
Calculate the remainder when 105255 is divided by 53.
50
Calculate the remainder when 2627 is divided by 354.
149
Calculate the remainder when 7549959 is divided by 11.
10
What is the remainder when 38142 is divided by 9533?
10
What is the remainder when 26956 is divided by 641?
34
What is the remainder when 1049 is divided by 130?
9
What is the remainder when 2797728 is divided by 1226?
1222
What is the remainder when 34495 is divided by 575?
570
What is the remainder when 130150 is divided by 34?
32
Calculate the remainder when 3280 is divided by 298.
2
Calculate the remainder when 107728 is divided by 114.
112
What is the remainder when 6347752 is divided by 126?
124
Calculate the remainder when 364226 is divided by 317.
310
Calculate the remainder when 816 is divided by 201.
12
What is the remainder when 19442 is divided by 779?
746
Calculate the remainder when 171213 is divided by 121.
119
Calculate the remainder when 12336 is divided by 231.
93
What is the remainder when 1256 is divided by 21?
17
Calculate the remainder when 3195 is divided by 1063.
6
Calculate the remainder when 1261 is divided by 153.
37
What is the remainder when 47143 is divided by 371?
26
Calculate the remainder when 5416842 is divided by 19.
18
What is the remainder when 1063 is divided by 1047?
16
Calculate the remainder when 49098 is divided by 3776.
10
Calculate the remainder when 533885 is divided by 66735.
5
What is the remainder when 19018 is divided by 181?
13
What is the remainder when 256 is divided by 193?
63
What is the remainder when 92729 is divided by 88?
65
What is the remainder when 1594 is divided by 47?
43
Calculate the remainder when 81714 is divided by 215.
14
What is the remainder when 72660 is divided by 1346?
1322
Calculate the remainder when 4362 is divided by 744.
642
What is the remainder when 5380 is divided by 1057?
95
Calculate the remainder when 1727 is divided by 585.
557
What is the remainder when 48210 is divided by 24072?
66
Calculate the remainder when 28511 is divided by 139.
16
Calculate the remainder when 5316 is divided by 41.
27
What is the remainder when 95337 is divided by 31776?
9
What is the remainder when 119127 is divided by 30?
27
Calculate the remainder when 3147 is divided by 97.
43
Calculate the remainder when 59431 is divided by 8.
7
What is the remainder when 33474 is divided by 65?
64
What is the remainder when 37 is divided by 26?
11
What is the remainder when 6202 is divided by 2020?
142
What is the remainder when 33328 is divided by 3325?
78
Calculate the remainder when 822563 is divided by 193.
190
What is the remainder when 6105 is divided by 23?
10
Calculate the remainder when 2102 is divided by 105.
2
What is the remainder when 216091 is divided by 6?
1
Calculate the remainder when 6259 is divided by 692.
31
Calculate the remainder when 3942 is divided by 1917.
108
Calculate the remainder when 4487 is divided by 1479.
50
Calculate the remainder when 15102 is divided by 71.
50
Calculate the remainder when 21370 is divided by 21316.
54
What is the remainder when 88797 is divided by 64?
29
Calculate the remainder when 201453 is divided by 90.
33
Calculate the remainder when 7368521 is divided by 147.
146
Calculate the remainder when 205393 is divided by 1499.
30
Calculate the remainder when 5034 is divided by 1006.
4
What is the remainder when 7240 is divided by 4?
0
Calculate the remainder when 24877 is divided by 607.
597
Calculate the remainder when 33998 is divided by 34.
32
What is the remainder when 12715 is divided by 6293?
129
Calculate the remainder when 54012 is divided by 887.
792
What is the remainder when 333491 is div